{"id":189,"date":"2024-07-25T13:39:35","date_gmt":"2024-07-25T17:39:35","guid":{"rendered":"https:\/\/clientes.gimenez.com.py\/unc\/?page_id=189"},"modified":"2024-10-22T07:16:12","modified_gmt":"2024-10-22T11:16:12","slug":"autoridades","status":"publish","type":"page","link":"https:\/\/softcon.wnpower.host\/?page_id=189","title":{"rendered":"Autoridades"},"content":{"rendered":"<section class=\"l-section wpb_row us_custom_e4eb24e1 height_medium\"><div class=\"l-section-h i-cf\"><div class=\"g-cols vc_row via_grid cols_1 laptops-cols_inherit tablets-cols_inherit mobiles-cols_1 valign_top type_default stacking_default\"><div class=\"wpb_column vc_column_container us_custom_ae99f6aa has_text_color\"><div class=\"vc_column-inner\"><div class=\"wpb_text_column\"><div class=\"wpb_wrapper\"><h3 style=\"text-align: center;\"><strong>Autoridades de la<br \/>\nUniversidad Nacional de Concepci\u00f3n<\/strong><\/h3>\n<\/div><\/div><\/div><\/div><\/div><\/div><\/section><section class=\"l-section wpb_row us_custom_95ebd667 has_text_color height_medium\"><div class=\"l-section-h i-cf\"><div class=\"g-cols vc_row via_grid cols_4 laptops-cols_inherit tablets-cols_inherit mobiles-cols_1 valign_top type_default stacking_default\"><div class=\"wpb_column vc_column_container\"><div class=\"vc_column-inner\"><\/div><\/div><div class=\"wpb_column vc_column_container\"><div class=\"vc_column-inner\"><div class=\"w-person layout_circle\" itemscope itemtype=\"https:\/\/schema.org\/Person\"><div class=\"w-person-image\"><img loading=\"lazy\" decoding=\"async\" width=\"700\" height=\"700\" src=\"https:\/\/softcon.wnpower.host\/wp-content\/uploads\/2024\/07\/8t.jpg\" class=\"attachment-large size-large\" alt=\"\" srcset=\"https:\/\/softcon.wnpower.host\/wp-content\/uploads\/2024\/07\/8t.jpg 700w, https:\/\/softcon.wnpower.host\/wp-content\/uploads\/2024\/07\/8t-300x300.jpg 300w, https:\/\/softcon.wnpower.host\/wp-content\/uploads\/2024\/07\/8t-150x150.jpg 150w\" sizes=\"auto, (max-width: 700px) 100vw, 700px\" \/><div class=\"img_hover\" style=\"background-image:url(https:\/\/softcon.wnpower.host\/wp-content\/uploads\/2024\/07\/OI4Bml69_400x400.jpg)\"><\/div><\/div><div class=\"w-person-content\"><h4 itemprop=\"name\" class=\"w-person-name\"><span>Prof. Dr. Clarito Rojas Mar\u00edn<\/span><\/h4><div class=\"w-person-role\" itemprop=\"jobTitle\">Rector<\/div><\/div><\/div><\/div><\/div><div class=\"wpb_column vc_column_container\"><div class=\"vc_column-inner\"><div class=\"w-person layout_circle\" itemscope itemtype=\"https:\/\/schema.org\/Person\"><div class=\"w-person-image\"><img loading=\"lazy\" decoding=\"async\" width=\"701\" height=\"701\" src=\"https:\/\/softcon.wnpower.host\/wp-content\/uploads\/2024\/07\/1t.jpg\" class=\"attachment-large size-large\" alt=\"\" srcset=\"https:\/\/softcon.wnpower.host\/wp-content\/uploads\/2024\/07\/1t.jpg 701w, https:\/\/softcon.wnpower.host\/wp-content\/uploads\/2024\/07\/1t-300x300.jpg 300w, https:\/\/softcon.wnpower.host\/wp-content\/uploads\/2024\/07\/1t-150x150.jpg 150w\" sizes=\"auto, (max-width: 701px) 100vw, 701px\" \/><div class=\"img_hover\" style=\"background-image:url(https:\/\/softcon.wnpower.host\/wp-content\/uploads\/2024\/07\/OI4Bml69_400x400.jpg)\"><\/div><\/div><div class=\"w-person-content\"><h4 itemprop=\"name\" class=\"w-person-name\"><span>Prof. Dr. Arnaldo Miguel Ferreira Caba\u00f1as<\/span><\/h4><div class=\"w-person-role\" itemprop=\"jobTitle\">Vicerrector<\/div><\/div><\/div><\/div><\/div><div class=\"wpb_column vc_column_container\"><div class=\"vc_column-inner\"><\/div><\/div><\/div><\/div><\/section><section class=\"l-section wpb_row us_custom_e4eb24e1 height_medium\"><div class=\"l-section-h i-cf\"><div class=\"g-cols vc_row via_grid cols_1 laptops-cols_inherit tablets-cols_inherit mobiles-cols_1 valign_top type_default stacking_default\"><div class=\"wpb_column vc_column_container us_custom_ae99f6aa has_text_color\"><div class=\"vc_column-inner\"><div class=\"wpb_text_column\"><div class=\"wpb_wrapper\"><h3 style=\"text-align: center;\"><strong>Decanos<\/strong><\/h3>\n<\/div><\/div><\/div><\/div><\/div><\/div><\/section><section class=\"l-section wpb_row us_custom_7f3ca6d9 has_text_color height_medium\"><div class=\"l-section-h i-cf\"><div class=\"g-cols vc_row via_grid cols_4 laptops-cols_inherit tablets-cols_inherit mobiles-cols_1 valign_top type_default stacking_default\"><div class=\"wpb_column vc_column_container\"><div class=\"vc_column-inner\"><div class=\"w-person layout_circle\" itemscope itemtype=\"https:\/\/schema.org\/Person\"><div class=\"w-person-image\"><img loading=\"lazy\" decoding=\"async\" width=\"700\" height=\"700\" src=\"https:\/\/softcon.wnpower.host\/wp-content\/uploads\/2024\/07\/7t.jpg\" class=\"attachment-large size-large\" alt=\"\" srcset=\"https:\/\/softcon.wnpower.host\/wp-content\/uploads\/2024\/07\/7t.jpg 700w, https:\/\/softcon.wnpower.host\/wp-content\/uploads\/2024\/07\/7t-300x300.jpg 300w, https:\/\/softcon.wnpower.host\/wp-content\/uploads\/2024\/07\/7t-150x150.jpg 150w\" sizes=\"auto, (max-width: 700px) 100vw, 700px\" \/><div class=\"img_hover\" style=\"background-image:url(https:\/\/softcon.wnpower.host\/wp-content\/uploads\/2024\/07\/OI4Bml69_400x400.jpg)\"><\/div><\/div><div class=\"w-person-content\"><h4 itemprop=\"name\" class=\"w-person-name\"><span>Prof. Dr. Carlos Ram\u00f3n Lima De Le\u00f3n<\/span><\/h4><div class=\"w-person-role\" itemprop=\"jobTitle\">Decano de la Facultad de Odontolog\u00eda<\/div><\/div><\/div><\/div><\/div><div class=\"wpb_column vc_column_container\"><div class=\"vc_column-inner\"><div class=\"w-person layout_circle\" itemscope itemtype=\"https:\/\/schema.org\/Person\"><div class=\"w-person-image\"><img loading=\"lazy\" decoding=\"async\" width=\"700\" height=\"700\" src=\"https:\/\/softcon.wnpower.host\/wp-content\/uploads\/2024\/07\/6t.jpg\" class=\"attachment-large size-large\" alt=\"\" srcset=\"https:\/\/softcon.wnpower.host\/wp-content\/uploads\/2024\/07\/6t.jpg 700w, https:\/\/softcon.wnpower.host\/wp-content\/uploads\/2024\/07\/6t-300x300.jpg 300w, https:\/\/softcon.wnpower.host\/wp-content\/uploads\/2024\/07\/6t-150x150.jpg 150w\" sizes=\"auto, (max-width: 700px) 100vw, 700px\" \/><div class=\"img_hover\" style=\"background-image:url(https:\/\/softcon.wnpower.host\/wp-content\/uploads\/2024\/07\/OI4Bml69_400x400.jpg)\"><\/div><\/div><div class=\"w-person-content\"><h4 itemprop=\"name\" class=\"w-person-name\"><span>Prof. Mg. Gerardo Lang Ferri<\/span><\/h4><div class=\"w-person-role\" itemprop=\"jobTitle\">Decano de la Facultad de Ciencias Econ\u00f3micas y Administrativas<\/div><\/div><\/div><\/div><\/div><div class=\"wpb_column vc_column_container\"><div class=\"vc_column-inner\"><div class=\"w-person layout_circle\" itemscope itemtype=\"https:\/\/schema.org\/Person\"><div class=\"w-person-image\"><img loading=\"lazy\" decoding=\"async\" width=\"700\" height=\"700\" src=\"https:\/\/softcon.wnpower.host\/wp-content\/uploads\/2024\/07\/5t.jpg\" class=\"attachment-large size-large\" alt=\"\" srcset=\"https:\/\/softcon.wnpower.host\/wp-content\/uploads\/2024\/07\/5t.jpg 700w, https:\/\/softcon.wnpower.host\/wp-content\/uploads\/2024\/07\/5t-300x300.jpg 300w, https:\/\/softcon.wnpower.host\/wp-content\/uploads\/2024\/07\/5t-150x150.jpg 150w\" sizes=\"auto, (max-width: 700px) 100vw, 700px\" \/><div class=\"img_hover\" style=\"background-image:url(https:\/\/softcon.wnpower.host\/wp-content\/uploads\/2024\/07\/OI4Bml69_400x400.jpg)\"><\/div><\/div><div class=\"w-person-content\"><h4 itemprop=\"name\" class=\"w-person-name\"><span>Prof. Ing. Agr. Derlys Fernando L\u00f3pez Avalos<\/span><\/h4><div class=\"w-person-role\" itemprop=\"jobTitle\">Decano de la Facultad de Ciencias Agrarias<\/div><\/div><\/div><\/div><\/div><div class=\"wpb_column vc_column_container\"><div class=\"vc_column-inner\"><div class=\"w-person layout_circle\" itemscope itemtype=\"https:\/\/schema.org\/Person\"><div class=\"w-person-image\"><img loading=\"lazy\" decoding=\"async\" width=\"700\" height=\"700\" src=\"https:\/\/softcon.wnpower.host\/wp-content\/uploads\/2024\/07\/3t.jpg\" class=\"attachment-large size-large\" alt=\"\" srcset=\"https:\/\/softcon.wnpower.host\/wp-content\/uploads\/2024\/07\/3t.jpg 700w, https:\/\/softcon.wnpower.host\/wp-content\/uploads\/2024\/07\/3t-300x300.jpg 300w, https:\/\/softcon.wnpower.host\/wp-content\/uploads\/2024\/07\/3t-150x150.jpg 150w\" sizes=\"auto, (max-width: 700px) 100vw, 700px\" \/><div class=\"img_hover\" style=\"background-image:url(https:\/\/softcon.wnpower.host\/wp-content\/uploads\/2024\/07\/OI4Bml69_400x400.jpg)\"><\/div><\/div><div class=\"w-person-content\"><h4 itemprop=\"name\" class=\"w-person-name\"><span>Prof. Dra. Mar\u00eda Concepci\u00f3n Araujo De Ben\u00edtez<\/span><\/h4><div class=\"w-person-role\" itemprop=\"jobTitle\">Decana de la Facultad de Humanidades y Ciencias de la Educaci\u00f3n<\/div><\/div><\/div><\/div><\/div><\/div><\/div><\/section><section class=\"l-section wpb_row us_custom_7f3ca6d9 has_text_color height_medium\"><div class=\"l-section-h i-cf\"><div class=\"g-cols vc_row via_grid cols_4 laptops-cols_inherit tablets-cols_inherit mobiles-cols_1 valign_top type_default stacking_default\"><div class=\"wpb_column vc_column_container\"><div class=\"vc_column-inner\"><\/div><\/div><div class=\"wpb_column vc_column_container\"><div class=\"vc_column-inner\"><div class=\"w-person layout_circle\" itemscope itemtype=\"https:\/\/schema.org\/Person\"><div class=\"w-person-image\"><img loading=\"lazy\" decoding=\"async\" width=\"700\" height=\"700\" src=\"https:\/\/softcon.wnpower.host\/wp-content\/uploads\/2024\/07\/4t.jpg\" class=\"attachment-large size-large\" alt=\"\" srcset=\"https:\/\/softcon.wnpower.host\/wp-content\/uploads\/2024\/07\/4t.jpg 700w, https:\/\/softcon.wnpower.host\/wp-content\/uploads\/2024\/07\/4t-300x300.jpg 300w, https:\/\/softcon.wnpower.host\/wp-content\/uploads\/2024\/07\/4t-150x150.jpg 150w\" sizes=\"auto, (max-width: 700px) 100vw, 700px\" \/><div class=\"img_hover\" style=\"background-image:url(https:\/\/softcon.wnpower.host\/wp-content\/uploads\/2024\/07\/OI4Bml69_400x400.jpg)\"><\/div><\/div><div class=\"w-person-content\"><h4 itemprop=\"name\" class=\"w-person-name\"><span>Prof. Dr. Roberto Gustavo Barrios<\/span><\/h4><div class=\"w-person-role\" itemprop=\"jobTitle\">Decano de la Facultad de Medicina<\/div><\/div><\/div><\/div><\/div><div class=\"wpb_column vc_column_container\"><div class=\"vc_column-inner\"><div class=\"w-person layout_circle\" itemscope itemtype=\"https:\/\/schema.org\/Person\"><div class=\"w-person-image\"><img loading=\"lazy\" decoding=\"async\" width=\"700\" height=\"700\" src=\"https:\/\/softcon.wnpower.host\/wp-content\/uploads\/2024\/07\/2t.jpg\" class=\"attachment-large size-large\" alt=\"\" srcset=\"https:\/\/softcon.wnpower.host\/wp-content\/uploads\/2024\/07\/2t.jpg 700w, https:\/\/softcon.wnpower.host\/wp-content\/uploads\/2024\/07\/2t-300x300.jpg 300w, https:\/\/softcon.wnpower.host\/wp-content\/uploads\/2024\/07\/2t-150x150.jpg 150w\" sizes=\"auto, (max-width: 700px) 100vw, 700px\" \/><div class=\"img_hover\" style=\"background-image:url(https:\/\/softcon.wnpower.host\/wp-content\/uploads\/2024\/07\/OI4Bml69_400x400.jpg)\"><\/div><\/div><div class=\"w-person-content\"><h4 itemprop=\"name\" class=\"w-person-name\"><span>Prof. Dr. Jorge Daniel Mello Rom\u00e1n<\/span><\/h4><div class=\"w-person-role\" itemprop=\"jobTitle\">Decano de la Facultad de Ciencias Exactas y Tecnol\u00f3gicas.<\/div><\/div><\/div><\/div><\/div><div class=\"wpb_column vc_column_container\"><div class=\"vc_column-inner\"><\/div><\/div><\/div><\/div><\/section>\n","protected":false},"excerpt":{"rendered":"Autoridades de la Universidad Nacional de Concepci\u00f3n Prof. Dr. Clarito Rojas Mar\u00ednRectorProf. Dr. Arnaldo Miguel Ferreira Caba\u00f1asVicerrectorDecanos Prof. Dr. Carlos Ram\u00f3n Lima De Le\u00f3nDecano de la Facultad de Odontolog\u00edaProf. Mg. Gerardo Lang FerriDecano de la Facultad de Ciencias Econ\u00f3micas y AdministrativasProf. Ing. Agr. Derlys Fernando L\u00f3pez AvalosDecano de la Facultad de Ciencias AgrariasProf. Dra. Mar\u00eda...","protected":false},"author":1,"featured_media":0,"parent":0,"menu_order":0,"comment_status":"closed","ping_status":"closed","template":"","meta":{"footnotes":""},"class_list":["post-189","page","type-page","status-publish","hentry"],"_links":{"self":[{"href":"https:\/\/softcon.wnpower.host\/index.php?rest_route=\/wp\/v2\/pages\/189","targetHints":{"allow":["GET"]}}],"collection":[{"href":"https:\/\/softcon.wnpower.host\/index.php?rest_route=\/wp\/v2\/pages"}],"about":[{"href":"https:\/\/softcon.wnpower.host\/index.php?rest_route=\/wp\/v2\/types\/page"}],"author":[{"embeddable":true,"href":"https:\/\/softcon.wnpower.host\/index.php?rest_route=\/wp\/v2\/users\/1"}],"replies":[{"embeddable":true,"href":"https:\/\/softcon.wnpower.host\/index.php?rest_route=%2Fwp%2Fv2%2Fcomments&post=189"}],"version-history":[{"count":16,"href":"https:\/\/softcon.wnpower.host\/index.php?rest_route=\/wp\/v2\/pages\/189\/revisions"}],"predecessor-version":[{"id":26699,"href":"https:\/\/softcon.wnpower.host\/index.php?rest_route=\/wp\/v2\/pages\/189\/revisions\/26699"}],"wp:attachment":[{"href":"https:\/\/softcon.wnpower.host\/index.php?rest_route=%2Fwp%2Fv2%2Fmedia&parent=189"}],"curies":[{"name":"wp","href":"https:\/\/api.w.org\/{rel}","templated":true}]}}

<section class="l-section wpb_row us_custom_e4eb24e1 height_medium"><div class="l-section-h i-cf"><div class="g-cols vc_row via_grid cols_1 laptops-cols_inherit tablets-cols_inherit mobiles-cols_1 valign_top type_default stacking_default"><div class="wpb_column vc_column_container us_custom_ae99f6aa has_text_color"><div class="vc_column-inner"><div class="wpb_text_column"><div class="wpb_wrapper"><h3 style="text-align: center;"><strong>Autoridades de la<br />
Universidad Nacional de Concepción</strong></h3>
</div></div></div></div></div></div></section><section class="l-section wpb_row us_custom_95ebd667 has_text_color height_medium"><div class="l-section-h i-cf"><div class="g-cols vc_row via_grid cols_4 laptops-cols_inherit tablets-cols_inherit mobiles-cols_1 valign_top type_default stacking_default"><div class="wpb_column vc_column_container"><div class="vc_column-inner"></div></div><div class="wpb_column vc_column_container"><div class="vc_column-inner"><div class="w-person layout_circle" itemscope itemtype="https://schema.org/Person"><div class="w-person-image"><img loading="lazy" decoding="async" width="700" height="700" src="https://softcon.wnpower.host/wp-content/uploads/2024/07/8t.jpg" class="attachment-large size-large" alt="" srcset="https://softcon.wnpower.host/wp-content/uploads/2024/07/8t.jpg 700w, https://softcon.wnpower.host/wp-content/uploads/2024/07/8t-300x300.jpg 300w, https://softcon.wnpower.host/wp-content/uploads/2024/07/8t-150x150.jpg 150w" sizes="auto, (max-width: 700px) 100vw, 700px" /><div class="img_hover" style="background-image:url(https://softcon.wnpower.host/wp-content/uploads/2024/07/OI4Bml69_400x400.jpg)"></div></div><div class="w-person-content"><h4 itemprop="name" class="w-person-name"><span>Prof. Dr. Clarito Rojas Marín</span></h4><div class="w-person-role" itemprop="jobTitle">Rector</div></div></div></div></div><div class="wpb_column vc_column_container"><div class="vc_column-inner"><div class="w-person layout_circle" itemscope itemtype="https://schema.org/Person"><div class="w-person-image"><img loading="lazy" decoding="async" width="701" height="701" src="https://softcon.wnpower.host/wp-content/uploads/2024/07/1t.jpg" class="attachment-large size-large" alt="" srcset="https://softcon.wnpower.host/wp-content/uploads/2024/07/1t.jpg 701w, https://softcon.wnpower.host/wp-content/uploads/2024/07/1t-300x300.jpg 300w, https://softcon.wnpower.host/wp-content/uploads/2024/07/1t-150x150.jpg 150w" sizes="auto, (max-width: 701px) 100vw, 701px" /><div class="img_hover" style="background-image:url(https://softcon.wnpower.host/wp-content/uploads/2024/07/OI4Bml69_400x400.jpg)"></div></div><div class="w-person-content"><h4 itemprop="name" class="w-person-name"><span>Prof. Dr. Arnaldo Miguel Ferreira Cabañas</span></h4><div class="w-person-role" itemprop="jobTitle">Vicerrector</div></div></div></div></div><div class="wpb_column vc_column_container"><div class="vc_column-inner"></div></div></div></div></section><section class="l-section wpb_row us_custom_e4eb24e1 height_medium"><div class="l-section-h i-cf"><div class="g-cols vc_row via_grid cols_1 laptops-cols_inherit tablets-cols_inherit mobiles-cols_1 valign_top type_default stacking_default"><div class="wpb_column vc_column_container us_custom_ae99f6aa has_text_color"><div class="vc_column-inner"><div class="wpb_text_column"><div class="wpb_wrapper"><h3 style="text-align: center;"><strong>Decanos</strong></h3>
</div></div></div></div></div></div></section><section class="l-section wpb_row us_custom_7f3ca6d9 has_text_color height_medium"><div class="l-section-h i-cf"><div class="g-cols vc_row via_grid cols_4 laptops-cols_inherit tablets-cols_inherit mobiles-cols_1 valign_top type_default stacking_default"><div class="wpb_column vc_column_container"><div class="vc_column-inner"><div class="w-person layout_circle" itemscope itemtype="https://schema.org/Person"><div class="w-person-image"><img loading="lazy" decoding="async" width="700" height="700" src="https://softcon.wnpower.host/wp-content/uploads/2024/07/7t.jpg" class="attachment-large size-large" alt="" srcset="https://softcon.wnpower.host/wp-content/uploads/2024/07/7t.jpg 700w, https://softcon.wnpower.host/wp-content/uploads/2024/07/7t-300x300.jpg 300w, https://softcon.wnpower.host/wp-content/uploads/2024/07/7t-150x150.jpg 150w" sizes="auto, (max-width: 700px) 100vw, 700px" /><div class="img_hover" style="background-image:url(https://softcon.wnpower.host/wp-content/uploads/2024/07/OI4Bml69_400x400.jpg)"></div></div><div class="w-person-content"><h4 itemprop="name" class="w-person-name"><span>Prof. Dr. Carlos Ramón Lima De León</span></h4><div class="w-person-role" itemprop="jobTitle">Decano de la Facultad de Odontología</div></div></div></div></div><div class="wpb_column vc_column_container"><div class="vc_column-inner"><div class="w-person layout_circle" itemscope itemtype="https://schema.org/Person"><div class="w-person-image"><img loading="lazy" decoding="async" width="700" height="700" src="https://softcon.wnpower.host/wp-content/uploads/2024/07/6t.jpg" class="attachment-large size-large" alt="" srcset="https://softcon.wnpower.host/wp-content/uploads/2024/07/6t.jpg 700w, https://softcon.wnpower.host/wp-content/uploads/2024/07/6t-300x300.jpg 300w, https://softcon.wnpower.host/wp-content/uploads/2024/07/6t-150x150.jpg 150w" sizes="auto, (max-width: 700px) 100vw, 700px" /><div class="img_hover" style="background-image:url(https://softcon.wnpower.host/wp-content/uploads/2024/07/OI4Bml69_400x400.jpg)"></div></div><div class="w-person-content"><h4 itemprop="name" class="w-person-name"><span>Prof. Mg. Gerardo Lang Ferri</span></h4><div class="w-person-role" itemprop="jobTitle">Decano de la Facultad de Ciencias Económicas y Administrativas</div></div></div></div></div><div class="wpb_column vc_column_container"><div class="vc_column-inner"><div class="w-person layout_circle" itemscope itemtype="https://schema.org/Person"><div class="w-person-image"><img loading="lazy" decoding="async" width="700" height="700" src="https://softcon.wnpower.host/wp-content/uploads/2024/07/5t.jpg" class="attachment-large size-large" alt="" srcset="https://softcon.wnpower.host/wp-content/uploads/2024/07/5t.jpg 700w, https://softcon.wnpower.host/wp-content/uploads/2024/07/5t-300x300.jpg 300w, https://softcon.wnpower.host/wp-content/uploads/2024/07/5t-150x150.jpg 150w" sizes="auto, (max-width: 700px) 100vw, 700px" /><div class="img_hover" style="background-image:url(https://softcon.wnpower.host/wp-content/uploads/2024/07/OI4Bml69_400x400.jpg)"></div></div><div class="w-person-content"><h4 itemprop="name" class="w-person-name"><span>Prof. Ing. Agr. Derlys Fernando López Avalos</span></h4><div class="w-person-role" itemprop="jobTitle">Decano de la Facultad de Ciencias Agrarias</div></div></div></div></div><div class="wpb_column vc_column_container"><div class="vc_column-inner"><div class="w-person layout_circle" itemscope itemtype="https://schema.org/Person"><div class="w-person-image"><img loading="lazy" decoding="async" width="700" height="700" src="https://softcon.wnpower.host/wp-content/uploads/2024/07/3t.jpg" class="attachment-large size-large" alt="" srcset="https://softcon.wnpower.host/wp-content/uploads/2024/07/3t.jpg 700w, https://softcon.wnpower.host/wp-content/uploads/2024/07/3t-300x300.jpg 300w, https://softcon.wnpower.host/wp-content/uploads/2024/07/3t-150x150.jpg 150w" sizes="auto, (max-width: 700px) 100vw, 700px" /><div class="img_hover" style="background-image:url(https://softcon.wnpower.host/wp-content/uploads/2024/07/OI4Bml69_400x400.jpg)"></div></div><div class="w-person-content"><h4 itemprop="name" class="w-person-name"><span>Prof. Dra. María Concepción Araujo De Benítez</span></h4><div class="w-person-role" itemprop="jobTitle">Decana de la Facultad de Humanidades y Ciencias de la Educación</div></div></div></div></div></div></div></section><section class="l-section wpb_row us_custom_7f3ca6d9 has_text_color height_medium"><div class="l-section-h i-cf"><div class="g-cols vc_row via_grid cols_4 laptops-cols_inherit tablets-cols_inherit mobiles-cols_1 valign_top type_default stacking_default"><div class="wpb_column vc_column_container"><div class="vc_column-inner"></div></div><div class="wpb_column vc_column_container"><div class="vc_column-inner"><div class="w-person layout_circle" itemscope itemtype="https://schema.org/Person"><div class="w-person-image"><img loading="lazy" decoding="async" width="700" height="700" src="https://softcon.wnpower.host/wp-content/uploads/2024/07/4t.jpg" class="attachment-large size-large" alt="" srcset="https://softcon.wnpower.host/wp-content/uploads/2024/07/4t.jpg 700w, https://softcon.wnpower.host/wp-content/uploads/2024/07/4t-300x300.jpg 300w, https://softcon.wnpower.host/wp-content/uploads/2024/07/4t-150x150.jpg 150w" sizes="auto, (max-width: 700px) 100vw, 700px" /><div class="img_hover" style="background-image:url(https://softcon.wnpower.host/wp-content/uploads/2024/07/OI4Bml69_400x400.jpg)"></div></div><div class="w-person-content"><h4 itemprop="name" class="w-person-name"><span>Prof. Dr. Roberto Gustavo Barrios</span></h4><div class="w-person-role" itemprop="jobTitle">Decano de la Facultad de Medicina</div></div></div></div></div><div class="wpb_column vc_column_container"><div class="vc_column-inner"><div class="w-person layout_circle" itemscope itemtype="https://schema.org/Person"><div class="w-person-image"><img loading="lazy" decoding="async" width="700" height="700" src="https://softcon.wnpower.host/wp-content/uploads/2024/07/2t.jpg" class="attachment-large size-large" alt="" srcset="https://softcon.wnpower.host/wp-content/uploads/2024/07/2t.jpg 700w, https://softcon.wnpower.host/wp-content/uploads/2024/07/2t-300x300.jpg 300w, https://softcon.wnpower.host/wp-content/uploads/2024/07/2t-150x150.jpg 150w" sizes="auto, (max-width: 700px) 100vw, 700px" /><div class="img_hover" style="background-image:url(https://softcon.wnpower.host/wp-content/uploads/2024/07/OI4Bml69_400x400.jpg)"></div></div><div class="w-person-content"><h4 itemprop="name" class="w-person-name"><span>Prof. Dr. Jorge Daniel Mello Román</span></h4><div class="w-person-role" itemprop="jobTitle">Decano de la Facultad de Ciencias Exactas y Tecnológicas.</div></div></div></div></div><div class="wpb_column vc_column_container"><div class="vc_column-inner"></div></div></div></div></section>

Autoridades de la Universidad Nacional de Concepción Prof. Dr. Clarito Rojas MarínRectorProf. Dr. Arnaldo Miguel Ferreira CabañasVicerrectorDecanos Prof. Dr. Carlos Ramón Lima De LeónDecano de la Facultad de OdontologíaProf. Mg. Gerardo Lang FerriDecano de la Facultad de Ciencias Económicas y AdministrativasProf. Ing. Agr. Derlys Fernando López AvalosDecano de la Facultad de Ciencias AgrariasProf. Dra. María...
