{"id":362,"date":"2024-08-12T19:01:26","date_gmt":"2024-08-12T23:01:26","guid":{"rendered":"https:\/\/clientes.gimenez.com.py\/unc\/?page_id=362"},"modified":"2024-09-19T11:29:48","modified_gmt":"2024-09-19T15:29:48","slug":"facultades","status":"publish","type":"page","link":"https:\/\/softcon.wnpower.host\/?page_id=362","title":{"rendered":"Facultades"},"content":{"rendered":"<section class=\"l-section wpb_row height_medium\"><div class=\"l-section-h i-cf\"><div class=\"g-cols vc_row via_grid cols_1 laptops-cols_inherit tablets-cols_inherit mobiles-cols_1 valign_top type_default stacking_default\"><div class=\"wpb_column vc_column_container\"><div class=\"vc_column-inner\"><div class=\"wpb_text_column\"><div class=\"wpb_wrapper\"><h3 style=\"text-align: center;\"><strong>\u00a1Conozca nuestras facultades!<\/strong><\/h3>\n<div class=\"elementor-element elementor-element-142758f elementor-widget-tablet__width-initial elementor-hidden-mobile elementor-widget elementor-widget-text-editor\" data-id=\"142758f\" data-element_type=\"widget\" data-widget_type=\"text-editor.default\">\n<div class=\"elementor-widget-container\">\n<p style=\"text-align: center;\"><strong>Explora la diversidad acad\u00e9mica a trav\u00e9s de nuestras facultades: espacios de<br \/>\nexcelencia donde se forja el futuro.<\/strong><\/p>\n<\/div>\n<\/div>\n<div class=\"elementor-element elementor-element-9ccace0 elementor-widget elementor-widget-text-editor\" data-id=\"9ccace0\" data-element_type=\"widget\" data-widget_type=\"text-editor.default\">\n<div class=\"elementor-widget-container\">\n<p style=\"text-align: center;\">\u00a1\u00danete a nosotros y f\u00f3rmate en un constante crecimiento!<\/p>\n<\/div>\n<\/div>\n<\/div><\/div><div class=\"g-cols wpb_row via_grid cols_3 laptops-cols_inherit tablets-cols_inherit mobiles-cols_1 valign_top type_default stacking_default\" style=\"--gap:3rem;\"><div class=\"wpb_column vc_column_container\"><div class=\"vc_column-inner\"><div class=\"w-image align_center\"><a title=\"Facultad Odontolog\u00eda\" href=\"https:\/\/new.unc.edu.py\/?page_id=274\" aria-label=\"FOD\" class=\"w-image-h\"><img decoding=\"async\" width=\"601\" height=\"601\" src=\"https:\/\/softcon.wnpower.host\/wp-content\/uploads\/2024\/08\/FOD.png\" class=\"attachment-large size-large\" alt=\"\" loading=\"lazy\" srcset=\"https:\/\/softcon.wnpower.host\/wp-content\/uploads\/2024\/08\/FOD.png 601w, https:\/\/softcon.wnpower.host\/wp-content\/uploads\/2024\/08\/FOD-300x300.png 300w, https:\/\/softcon.wnpower.host\/wp-content\/uploads\/2024\/08\/FOD-150x150.png 150w\" sizes=\"auto, (max-width: 601px) 100vw, 601px\" \/><\/a><\/div><div class=\"wpb_text_column\"><div class=\"wpb_wrapper\"><p style=\"text-align: center;\"><strong>Facultad de Odontolog\u00eda<\/strong><\/p>\n<\/div><\/div><\/div><\/div><div class=\"wpb_column vc_column_container\"><div class=\"vc_column-inner\"><div class=\"w-image align_center\"><a title=\"Facultad de Medicina\" href=\"https:\/\/new.unc.edu.py\/?page_id=327\" aria-label=\"FM\" class=\"w-image-h\"><img decoding=\"async\" width=\"601\" height=\"601\" src=\"https:\/\/softcon.wnpower.host\/wp-content\/uploads\/2024\/08\/FM.png\" class=\"attachment-large size-large\" alt=\"\" loading=\"lazy\" srcset=\"https:\/\/softcon.wnpower.host\/wp-content\/uploads\/2024\/08\/FM.png 601w, https:\/\/softcon.wnpower.host\/wp-content\/uploads\/2024\/08\/FM-300x300.png 300w, https:\/\/softcon.wnpower.host\/wp-content\/uploads\/2024\/08\/FM-150x150.png 150w\" sizes=\"auto, (max-width: 601px) 100vw, 601px\" \/><\/a><\/div><div class=\"wpb_text_column\"><div class=\"wpb_wrapper\"><p style=\"text-align: center;\"><strong>Facultad de Medicina<\/strong><\/p>\n<\/div><\/div><\/div><\/div><div class=\"wpb_column vc_column_container\"><div class=\"vc_column-inner\"><div class=\"w-image align_center\"><a title=\"Facultad de Ciencias Exactas y Tecnol\u00f3gicas\" href=\"https:\/\/new.unc.edu.py\/?page_id=328\" aria-label=\"FU\" class=\"w-image-h\"><img decoding=\"async\" width=\"601\" height=\"601\" src=\"https:\/\/softcon.wnpower.host\/wp-content\/uploads\/2024\/08\/FU.png\" class=\"attachment-large size-large\" alt=\"\" loading=\"lazy\" srcset=\"https:\/\/softcon.wnpower.host\/wp-content\/uploads\/2024\/08\/FU.png 601w, https:\/\/softcon.wnpower.host\/wp-content\/uploads\/2024\/08\/FU-300x300.png 300w, https:\/\/softcon.wnpower.host\/wp-content\/uploads\/2024\/08\/FU-150x150.png 150w\" sizes=\"auto, (max-width: 601px) 100vw, 601px\" \/><\/a><\/div><div class=\"wpb_text_column\"><div class=\"wpb_wrapper\"><p style=\"text-align: center;\"><strong>Facultad de Humanidades y Ciencias de la Educaci\u00f3n<\/strong><\/p>\n<\/div><\/div><\/div><\/div><\/div><div class=\"w-separator size_medium\"><\/div><div class=\"g-cols wpb_row via_grid cols_3 laptops-cols_inherit tablets-cols_inherit mobiles-cols_1 valign_top type_default stacking_default\" style=\"--gap:3rem;\"><div class=\"wpb_column vc_column_container\"><div class=\"vc_column-inner\"><div class=\"w-image align_center\"><a title=\"Facultad de Ciencias Agrarias\" href=\"https:\/\/new.unc.edu.py\/?page_id=326\" aria-label=\"FCEA\" class=\"w-image-h\"><img decoding=\"async\" width=\"601\" height=\"601\" src=\"https:\/\/softcon.wnpower.host\/wp-content\/uploads\/2024\/08\/FCEA.png\" class=\"attachment-large size-large\" alt=\"\" loading=\"lazy\" srcset=\"https:\/\/softcon.wnpower.host\/wp-content\/uploads\/2024\/08\/FCEA.png 601w, https:\/\/softcon.wnpower.host\/wp-content\/uploads\/2024\/08\/FCEA-300x300.png 300w, https:\/\/softcon.wnpower.host\/wp-content\/uploads\/2024\/08\/FCEA-150x150.png 150w\" sizes=\"auto, (max-width: 601px) 100vw, 601px\" \/><\/a><\/div><div class=\"wpb_text_column\"><div class=\"wpb_wrapper\"><p style=\"text-align: center;\"><strong>Facultad de Ciencias Econ\u00f3micas y Administrativas<\/strong><\/p>\n<\/div><\/div><\/div><\/div><div class=\"wpb_column vc_column_container\"><div class=\"vc_column-inner\"><div class=\"w-image align_center\"><a title=\"Facultad de Ciencias Exactas y Tecnol\u00f3gicas\" href=\"https:\/\/new.unc.edu.py\/?page_id=329\" aria-label=\"FCE\" class=\"w-image-h\"><img decoding=\"async\" width=\"601\" height=\"601\" src=\"https:\/\/softcon.wnpower.host\/wp-content\/uploads\/2024\/08\/FCE.png\" class=\"attachment-large size-large\" alt=\"\" loading=\"lazy\" srcset=\"https:\/\/softcon.wnpower.host\/wp-content\/uploads\/2024\/08\/FCE.png 601w, https:\/\/softcon.wnpower.host\/wp-content\/uploads\/2024\/08\/FCE-300x300.png 300w, https:\/\/softcon.wnpower.host\/wp-content\/uploads\/2024\/08\/FCE-150x150.png 150w\" sizes=\"auto, (max-width: 601px) 100vw, 601px\" \/><\/a><\/div><div class=\"wpb_text_column\"><div class=\"wpb_wrapper\"><p style=\"text-align: center;\"><strong>Facultad de Ciencias Exactas y Tecnol\u00f3gicas<\/strong><\/p>\n<\/div><\/div><\/div><\/div><div class=\"wpb_column vc_column_container\"><div class=\"vc_column-inner\"><div class=\"w-image align_center\"><a title=\"Facultad de Ciencias Agrarias\" href=\"https:\/\/new.unc.edu.py\/?page_id=325\" aria-label=\"FCA\" class=\"w-image-h\"><img decoding=\"async\" width=\"601\" height=\"601\" src=\"https:\/\/softcon.wnpower.host\/wp-content\/uploads\/2024\/08\/FCA.png\" class=\"attachment-large size-large\" alt=\"\" loading=\"lazy\" srcset=\"https:\/\/softcon.wnpower.host\/wp-content\/uploads\/2024\/08\/FCA.png 601w, https:\/\/softcon.wnpower.host\/wp-content\/uploads\/2024\/08\/FCA-300x300.png 300w, https:\/\/softcon.wnpower.host\/wp-content\/uploads\/2024\/08\/FCA-150x150.png 150w\" sizes=\"auto, (max-width: 601px) 100vw, 601px\" \/><\/a><\/div><div class=\"wpb_text_column\"><div class=\"wpb_wrapper\"><p style=\"text-align: center;\"><strong>Facultad de Ciencias Agrarias<\/strong><\/p>\n<\/div><\/div><\/div><\/div><\/div><div class=\"w-separator size_medium\"><\/div><div class=\"g-cols wpb_row via_grid cols_2 laptops-cols_inherit tablets-cols_inherit mobiles-cols_1 valign_top type_default stacking_default\" style=\"--gap:3rem;\"><div class=\"wpb_column vc_column_container\"><div class=\"vc_column-inner\"><\/div><\/div><div class=\"wpb_column vc_column_container\"><div class=\"vc_column-inner\"><\/div><\/div><\/div><div class=\"w-separator size_medium\"><\/div><\/div><\/div><\/div><\/div><\/section>\n","protected":false},"excerpt":{"rendered":"\u00a1Conozca nuestras facultades! Explora la diversidad acad\u00e9mica a trav\u00e9s de nuestras facultades: espacios de excelencia donde se forja el futuro. \u00a1\u00danete a nosotros y f\u00f3rmate en un constante crecimiento! Facultad de Odontolog\u00eda Facultad de Medicina Facultad de Humanidades y Ciencias de la Educaci\u00f3n Facultad de Ciencias Econ\u00f3micas y Administrativas Facultad de Ciencias Exactas y Tecnol\u00f3gicas...","protected":false},"author":1,"featured_media":0,"parent":0,"menu_order":0,"comment_status":"closed","ping_status":"closed","template":"","meta":{"footnotes":""},"class_list":["post-362","page","type-page","status-publish","hentry"],"_links":{"self":[{"href":"https:\/\/softcon.wnpower.host\/index.php?rest_route=\/wp\/v2\/pages\/362","targetHints":{"allow":["GET"]}}],"collection":[{"href":"https:\/\/softcon.wnpower.host\/index.php?rest_route=\/wp\/v2\/pages"}],"about":[{"href":"https:\/\/softcon.wnpower.host\/index.php?rest_route=\/wp\/v2\/types\/page"}],"author":[{"embeddable":true,"href":"https:\/\/softcon.wnpower.host\/index.php?rest_route=\/wp\/v2\/users\/1"}],"replies":[{"embeddable":true,"href":"https:\/\/softcon.wnpower.host\/index.php?rest_route=%2Fwp%2Fv2%2Fcomments&post=362"}],"version-history":[{"count":7,"href":"https:\/\/softcon.wnpower.host\/index.php?rest_route=\/wp\/v2\/pages\/362\/revisions"}],"predecessor-version":[{"id":561,"href":"https:\/\/softcon.wnpower.host\/index.php?rest_route=\/wp\/v2\/pages\/362\/revisions\/561"}],"wp:attachment":[{"href":"https:\/\/softcon.wnpower.host\/index.php?rest_route=%2Fwp%2Fv2%2Fmedia&parent=362"}],"curies":[{"name":"wp","href":"https:\/\/api.w.org\/{rel}","templated":true}]}}